{"id":101,"date":"2022-02-24T19:16:24","date_gmt":"2022-02-24T18:16:24","guid":{"rendered":"https:\/\/manumartin.com\/jeanchristophecharnay\/?page_id=101"},"modified":"2022-03-20T20:39:06","modified_gmt":"2022-03-20T19:39:06","slug":"lauteur","status":"publish","type":"page","link":"https:\/\/www.manumartin.com\/jeanchristophecharnay\/lauteur\/","title":{"rendered":"L&rsquo;auteur"},"content":{"rendered":"<p>[et_pb_section fb_built=\u00a0\u00bb1&Prime; _builder_version=\u00a0\u00bb4.15&Prime; _module_preset=\u00a0\u00bbdefault\u00a0\u00bb background_enable_color=\u00a0\u00bboff\u00a0\u00bb background_image=\u00a0\u00bbhttps:\/\/manumartin.com\/jeanchristophecharnay\/wp-content\/uploads\/2022\/02\/Lauteur.jpg\u00a0\u00bb min_height=\u00a0\u00bb90vh\u00a0\u00bb custom_margin=\u00a0\u00bb0px|0px|0px|0px|false|false\u00a0\u00bb custom_padding=\u00a0\u00bb||||false|false\u00a0\u00bb global_colors_info=\u00a0\u00bb{}\u00a0\u00bb][et_pb_row column_structure=\u00a0\u00bb3_4,1_4&Prime; _builder_version=\u00a0\u00bb4.15&Prime; _module_preset=\u00a0\u00bbdefault\u00a0\u00bb background_enable_color=\u00a0\u00bboff\u00a0\u00bb width=\u00a0\u00bb90%\u00a0\u00bb max_width=\u00a0\u00bb90%\u00a0\u00bb custom_padding=\u00a0\u00bb20px|20px|20px|20px|false|false\u00a0\u00bb global_colors_info=\u00a0\u00bb{}\u00a0\u00bb][et_pb_column type=\u00a0\u00bb3_4&Prime; _builder_version=\u00a0\u00bb4.15&Prime; _module_preset=\u00a0\u00bbdefault\u00a0\u00bb animation_style=\u00a0\u00bbslide\u00a0\u00bb animation_direction=\u00a0\u00bbleft\u00a0\u00bb animation_intensity_slide=\u00a0\u00bb5%\u00a0\u00bb global_colors_info=\u00a0\u00bb{}\u00a0\u00bb][et_pb_text _builder_version=\u00a0\u00bb4.15&Prime; _module_preset=\u00a0\u00bbdefault\u00a0\u00bb text_text_color=\u00a0\u00bb#FFFFFF\u00a0\u00bb background_enable_color=\u00a0\u00bboff\u00a0\u00bb module_alignment=\u00a0\u00bbcenter\u00a0\u00bb custom_padding=\u00a0\u00bb20px|20px|20px|20px|false|false\u00a0\u00bb global_colors_info=\u00a0\u00bb{}\u00a0\u00bb]<\/p>\n<p style=\"text-align: center;\">N\u00e9 en 1965, fils d&rsquo;enseignants, <strong>Jean-Christophe Charnay<\/strong> est un homme de spectacle.<br \/>Ses premi\u00e8res sc\u00e8nes furent, \u00e9colier, les tr\u00e9teaux des kermesses des \u00e9coles publiques et, enfant de ch\u0153ur, les messes du dimanche.<br \/>Plus tard, vinrent les sc\u00e8nes musicales et th\u00e9\u00e2trales sans oublier les estrades de ses classes de jeune instituteur.<\/p>\n<p style=\"text-align: center;\">La bascule intervint en 1998 o\u00f9, d\u00e9laissant Jules Ferry, il choisit de marcher professionnellement et d\u00e9finitivement dans les pas de Moli\u00e8re et des Fr\u00e8res Jacques.<br \/>Il existe cependant un lien \u00e0 toutes ses activit\u00e9s : c&rsquo;est celui du plaisir de raconter et donc, de l&rsquo;\u00e9criture.<br \/>Auteur de textes pour la sc\u00e8ne, de nombreuses chansons, notamment pour le quartet d&rsquo;humour vocal <strong>\u00ab\u00a0Les Fr\u00e8res Brothers\u00a0\u00bb\u00a0<\/strong>et pour son spectacle solo <strong>\u00ab\u00a0Homo sapiens cantor\u00a0\u00bb<\/strong>, <strong>Jean-Christophe<\/strong> \u00e9crit aussi des sc\u00e9narii de court-m\u00e9trages qu&rsquo;il r\u00e9alise.<br \/>Se souvenant de cette phrase, prononc\u00e9e par son p\u00e8re : \u00ab\u00a0Toi, quand tu racontes, tu pagnolises\u00a0\u00bb, il d\u00e9cide en 2020 d&rsquo;\u00e9crire son premier roman et de le commencer par \u00ab\u00a0Je\u00a0\u00bb.<br \/>D\u00e8s lors, <strong>\u00ab\u00a0Les temps mercurochrome\u00a0\u00bb<\/strong>\u00a0surgissent de sa m\u00e9moire, s&rsquo;\u00e9chappent de sa plume, s&rsquo;\u00e9coulant entre souvenirs et histoires invent\u00e9es.<br \/>Ce sera donc une autobiographie imagin\u00e9e.<\/p>\n<p style=\"text-align: center;\"><strong>Jean-Christophe<\/strong> \u00e9crit en ce moment la suite de ces m\u00e9moires fictionnelles r\u00eav\u00e9es : <strong>\u00ab\u00a0Le temps des guitares \u00e9lectriques\u00a0\u00bb<\/strong>.<br \/>Parmi ses projets d&rsquo;\u00e9criture en cours, on trouve aussi un spectacle jeune public, un livre pour enfants et le sc\u00e9nario d&rsquo;une bande dessin\u00e9e.<\/p>\n<p>[\/et_pb_text][\/et_pb_column][et_pb_column type=\u00a0\u00bb1_4&Prime; _builder_version=\u00a0\u00bb4.15&Prime; _module_preset=\u00a0\u00bbdefault\u00a0\u00bb animation_style=\u00a0\u00bbslide\u00a0\u00bb animation_direction=\u00a0\u00bbright\u00a0\u00bb animation_intensity_slide=\u00a0\u00bb5%\u00a0\u00bb global_colors_info=\u00a0\u00bb{}\u00a0\u00bb][\/et_pb_column][\/et_pb_row][\/et_pb_section]<\/p>\n","protected":false},"excerpt":{"rendered":"<p>N\u00e9 en 1965, fils d&rsquo;enseignants, Jean-Christophe Charnay est un homme de spectacle.Ses premi\u00e8res sc\u00e8nes furent, \u00e9colier, les tr\u00e9teaux des kermesses des \u00e9coles publiques et, enfant de ch\u0153ur, les messes du dimanche.Plus tard, vinrent les sc\u00e8nes musicales et th\u00e9\u00e2trales sans oublier les estrades de ses classes de jeune instituteur. La bascule intervint en 1998 o\u00f9, d\u00e9laissant [&hellip;]<\/p>\n","protected":false},"author":1,"featured_media":0,"parent":0,"menu_order":0,"comment_status":"closed","ping_status":"closed","template":"","meta":{"_et_pb_use_builder":"on","_et_pb_old_content":"","_et_gb_content_width":"","footnotes":""},"class_list":["post-101","page","type-page","status-publish","hentry"],"jetpack_sharing_enabled":true,"_links":{"self":[{"href":"https:\/\/www.manumartin.com\/jeanchristophecharnay\/wp-json\/wp\/v2\/pages\/101","targetHints":{"allow":["GET"]}}],"collection":[{"href":"https:\/\/www.manumartin.com\/jeanchristophecharnay\/wp-json\/wp\/v2\/pages"}],"about":[{"href":"https:\/\/www.manumartin.com\/jeanchristophecharnay\/wp-json\/wp\/v2\/types\/page"}],"author":[{"embeddable":true,"href":"https:\/\/www.manumartin.com\/jeanchristophecharnay\/wp-json\/wp\/v2\/users\/1"}],"replies":[{"embeddable":true,"href":"https:\/\/www.manumartin.com\/jeanchristophecharnay\/wp-json\/wp\/v2\/comments?post=101"}],"version-history":[{"count":12,"href":"https:\/\/www.manumartin.com\/jeanchristophecharnay\/wp-json\/wp\/v2\/pages\/101\/revisions"}],"predecessor-version":[{"id":202,"href":"https:\/\/www.manumartin.com\/jeanchristophecharnay\/wp-json\/wp\/v2\/pages\/101\/revisions\/202"}],"wp:attachment":[{"href":"https:\/\/www.manumartin.com\/jeanchristophecharnay\/wp-json\/wp\/v2\/media?parent=101"}],"curies":[{"name":"wp","href":"https:\/\/api.w.org\/{rel}","templated":true}]}}