{"id":18,"date":"2022-02-11T13:46:25","date_gmt":"2022-02-11T12:46:25","guid":{"rendered":"https:\/\/manumartin.com\/jeanchristophecharnay\/?page_id=18"},"modified":"2022-03-20T20:34:14","modified_gmt":"2022-03-20T19:34:14","slug":"accueil","status":"publish","type":"page","link":"https:\/\/www.manumartin.com\/jeanchristophecharnay\/","title":{"rendered":"Actus"},"content":{"rendered":"<p>[et_pb_section fb_built=\u00a0\u00bb1&Prime; _builder_version=\u00a0\u00bb4.15&Prime; _module_preset=\u00a0\u00bbdefault\u00a0\u00bb background_enable_color=\u00a0\u00bboff\u00a0\u00bb background_image=\u00a0\u00bbhttps:\/\/manumartin.com\/jeanchristophecharnay\/wp-content\/uploads\/2022\/02\/DSC06766_lightroom_petit-scaled.jpg\u00a0\u00bb parallax=\u00a0\u00bbon\u00a0\u00bb min_height=\u00a0\u00bb90vh\u00a0\u00bb custom_margin=\u00a0\u00bb0px|0px|0px|0px|false|false\u00a0\u00bb custom_padding=\u00a0\u00bb||||false|false\u00a0\u00bb global_colors_info=\u00a0\u00bb{}\u00a0\u00bb][et_pb_row column_structure=\u00a0\u00bb2_3,1_3&Prime; _builder_version=\u00a0\u00bb4.15&Prime; _module_preset=\u00a0\u00bbdefault\u00a0\u00bb background_enable_color=\u00a0\u00bboff\u00a0\u00bb width=\u00a0\u00bb90%\u00a0\u00bb max_width=\u00a0\u00bb90%\u00a0\u00bb custom_padding=\u00a0\u00bb20px|20px|20px|20px|false|false\u00a0\u00bb global_colors_info=\u00a0\u00bb{}\u00a0\u00bb][et_pb_column type=\u00a0\u00bb2_3&Prime; _builder_version=\u00a0\u00bb4.15&Prime; _module_preset=\u00a0\u00bbdefault\u00a0\u00bb animation_style=\u00a0\u00bbslide\u00a0\u00bb animation_direction=\u00a0\u00bbleft\u00a0\u00bb animation_intensity_slide=\u00a0\u00bb5%\u00a0\u00bb global_colors_info=\u00a0\u00bb{}\u00a0\u00bb][et_pb_text _builder_version=\u00a0\u00bb4.15&Prime; _module_preset=\u00a0\u00bbdefault\u00a0\u00bb background_enable_color=\u00a0\u00bboff\u00a0\u00bb module_alignment=\u00a0\u00bbcenter\u00a0\u00bb custom_padding=\u00a0\u00bb40px|20px|20px|20px|false|false\u00a0\u00bb global_colors_info=\u00a0\u00bb{}\u00a0\u00bb]<\/p>\n<p style=\"text-align: center;\">\u00a0\u00ab <strong>Les temps mercurochrome\u00a0<\/strong>\u00bb, c\u2019est l\u2019histoire du long fleuve tranquille d\u2019une enfance heureuse, avec une famille aimante, un monde en ordre et personne de m\u00e9chant, o\u00f9 toute une g\u00e9n\u00e9ration se reconna\u00eetra.<br \/>\u2026 Bouquin p\u00e9tri de tendresse et d\u2019humour, foisonnant de souvenirs, de d\u00e9couvertes, de termes savants, de calembours et de racontars, abordant toutes sortes de sujets, tour \u00e0 tour le\u00e7on d\u2019histoire, de sciences naturelles appliqu\u00e9es et m\u00eame de math\u00e9matiques\u2026 C\u2019est aussi un t\u00e9moignage ethnographique pr\u00e9cieux, un guide touristique plein de beaux nuages qui donne envie de visiter le M\u00e9zenc en hiver et d\u2019ascensionner le Gerbier des Joncs, et enfin une m\u00e9ditation philosophique sur le r\u00e9el et l\u2019invisible, sur la magie du th\u00e9\u00e2tre et de la repr\u00e9sentation, et sur ceux qui vous ont inspir\u00e9 un jour et ne vous quittent plus, comme ici Cyrano de Bergerac.<br \/>Bref, d\u00e9bordement d\u2019anecdotes, de r\u00eaves, de sentences, d\u2019\u00e9motions, de flash-backs, de conseils essentiels (comment par exemple manger proprement de la chantilly quand on porte la barbe ?) et de mensonges d\u00e9lib\u00e9r\u00e9s, sous le double patronage de Borg\u00e8s (\u00ab Que fut ce Buenos Aires en ce temps-l\u00e0 ? Ou plut\u00f4t, qu\u2019aurions-nous aim\u00e9 qu\u2019il f\u00fbt ? \u00bb) et du patron de presse Howard Hughes (\u00ab Si la fiction d\u00e9passe la r\u00e9alit\u00e9, imprimez la fiction ! \u00bb). Et m\u00eame de Montaigne qui allait, lui aussi dans son \u00e9criture, \u00ab \u00e0 sauts et \u00e0 gambades \u00bb.<br \/>Bon. Sur l&rsquo;auteur, je suis un peu d\u00e9\u00e7u. Je m\u2019attendais \u00e0 des r\u00e9v\u00e9lations, un scoop par-ci par-l\u00e0, mais des n\u00e8fles ! Finalement, il est bien, comme je l\u2019imaginais, un insoumis pudique.<br \/>On verra avec le tome 2, que j\u2019attends avec impatience. J\u2019ai d\u00e9j\u00e0 une petite id\u00e9e du titre&#8230;<\/p>\n<p style=\"text-align: center;\">G\u00e9rard Rodriguez<\/p>\n<p>[\/et_pb_text][\/et_pb_column][et_pb_column type=\u00a0\u00bb1_3&Prime; _builder_version=\u00a0\u00bb4.15&Prime; _module_preset=\u00a0\u00bbdefault\u00a0\u00bb animation_style=\u00a0\u00bbslide\u00a0\u00bb animation_direction=\u00a0\u00bbright\u00a0\u00bb animation_intensity_slide=\u00a0\u00bb5%\u00a0\u00bb global_colors_info=\u00a0\u00bb{}\u00a0\u00bb][et_pb_image src=\u00a0\u00bbhttps:\/\/manumartin.com\/jeanchristophecharnay\/wp-content\/uploads\/2022\/02\/presentation-livre.png\u00a0\u00bb title_text=\u00a0\u00bbpresentation livre\u00a0\u00bb _builder_version=\u00a0\u00bb4.15&Prime; _module_preset=\u00a0\u00bbdefault\u00a0\u00bb max_height=\u00a0\u00bb50vh\u00a0\u00bb global_colors_info=\u00a0\u00bb{}\u00a0\u00bb][\/et_pb_image][\/et_pb_column][\/et_pb_row][\/et_pb_section]<\/p>\n","protected":false},"excerpt":{"rendered":"<p>\u00a0\u00ab Les temps mercurochrome\u00a0\u00bb, c\u2019est l\u2019histoire du long fleuve tranquille d\u2019une enfance heureuse, avec une famille aimante, un monde en ordre et personne de m\u00e9chant, o\u00f9 toute une g\u00e9n\u00e9ration se reconna\u00eetra.\u2026 Bouquin p\u00e9tri de tendresse et d\u2019humour, foisonnant de souvenirs, de d\u00e9couvertes, de termes savants, de calembours et de racontars, abordant toutes sortes de sujets, [&hellip;]<\/p>\n","protected":false},"author":1,"featured_media":0,"parent":0,"menu_order":0,"comment_status":"closed","ping_status":"closed","template":"","meta":{"_et_pb_use_builder":"on","_et_pb_old_content":"","_et_gb_content_width":"","footnotes":""},"class_list":["post-18","page","type-page","status-publish","hentry"],"jetpack_sharing_enabled":true,"_links":{"self":[{"href":"https:\/\/www.manumartin.com\/jeanchristophecharnay\/wp-json\/wp\/v2\/pages\/18","targetHints":{"allow":["GET"]}}],"collection":[{"href":"https:\/\/www.manumartin.com\/jeanchristophecharnay\/wp-json\/wp\/v2\/pages"}],"about":[{"href":"https:\/\/www.manumartin.com\/jeanchristophecharnay\/wp-json\/wp\/v2\/types\/page"}],"author":[{"embeddable":true,"href":"https:\/\/www.manumartin.com\/jeanchristophecharnay\/wp-json\/wp\/v2\/users\/1"}],"replies":[{"embeddable":true,"href":"https:\/\/www.manumartin.com\/jeanchristophecharnay\/wp-json\/wp\/v2\/comments?post=18"}],"version-history":[{"count":17,"href":"https:\/\/www.manumartin.com\/jeanchristophecharnay\/wp-json\/wp\/v2\/pages\/18\/revisions"}],"predecessor-version":[{"id":197,"href":"https:\/\/www.manumartin.com\/jeanchristophecharnay\/wp-json\/wp\/v2\/pages\/18\/revisions\/197"}],"wp:attachment":[{"href":"https:\/\/www.manumartin.com\/jeanchristophecharnay\/wp-json\/wp\/v2\/media?parent=18"}],"curies":[{"name":"wp","href":"https:\/\/api.w.org\/{rel}","templated":true}]}}