{"id":148,"date":"2022-02-25T15:57:50","date_gmt":"2022-02-25T14:57:50","guid":{"rendered":"https:\/\/manumartin.com\/jeanchristophecharnay\/?post_type=product&#038;p=148"},"modified":"2022-02-27T14:17:02","modified_gmt":"2022-02-27T13:17:02","slug":"les-temps-mercurochrome","status":"publish","type":"product","link":"https:\/\/www.manumartin.com\/jeanchristophecharnay\/boutique\/les-temps-mercurochrome\/","title":{"rendered":"Les temps Mercurochrome"},"content":{"rendered":"<p>[et_pb_section fb_built=\u00a0\u00bb1&Prime; _builder_version=\u00a0\u00bb4.14.8&Prime; background_image=\u00a0\u00bbhttps:\/\/manumartin.com\/jeanchristophecharnay\/wp-content\/uploads\/2022\/02\/DSC06766_lightroom_petit-scaled.jpg\u00a0\u00bb parallax=\u00a0\u00bbon\u00a0\u00bb custom_margin=\u00a0\u00bb0px|0px|0px|0px|false|false\u00a0\u00bb custom_padding=\u00a0\u00bb0px|0px|0px|0px|false|false\u00a0\u00bb animation_style=\u00a0\u00bbslide\u00a0\u00bb animation_intensity_slide=\u00a0\u00bb5%\u00a0\u00bb global_colors_info=\u00a0\u00bb{}\u00a0\u00bb][et_pb_row _builder_version=\u00a0\u00bb4.14.8&Prime; background_size=\u00a0\u00bbinitial\u00a0\u00bb background_position=\u00a0\u00bbtop_left\u00a0\u00bb background_repeat=\u00a0\u00bbrepeat\u00a0\u00bb width=\u00a0\u00bb100%\u00a0\u00bb custom_padding=\u00a0\u00bb20px||20px||false|false\u00a0\u00bb global_colors_info=\u00a0\u00bb{}\u00a0\u00bb][et_pb_column type=\u00a0\u00bb4_4&Prime; _builder_version=\u00a0\u00bb4.14.8&Prime; custom_padding=\u00a0\u00bb|||\u00a0\u00bb global_colors_info=\u00a0\u00bb{}\u00a0\u00bb custom_padding__hover=\u00a0\u00bb|||\u00a0\u00bb][et_pb_wc_cart_notice _builder_version=\u00a0\u00bb4.14.8&Prime; global_colors_info=\u00a0\u00bb{}\u00a0\u00bb][\/et_pb_wc_cart_notice][\/et_pb_column][\/et_pb_row][et_pb_row column_structure=\u00a0\u00bb1_2,1_2&Prime; _builder_version=\u00a0\u00bb4.14.8&Prime; background_size=\u00a0\u00bbinitial\u00a0\u00bb background_position=\u00a0\u00bbtop_left\u00a0\u00bb background_repeat=\u00a0\u00bbrepeat\u00a0\u00bb width=\u00a0\u00bb100%\u00a0\u00bb custom_padding=\u00a0\u00bb20px|20px|20px|20px|false|false\u00a0\u00bb global_colors_info=\u00a0\u00bb{}\u00a0\u00bb][et_pb_column type=\u00a0\u00bb1_2&Prime; _builder_version=\u00a0\u00bb3.25&Prime; custom_padding=\u00a0\u00bb|||\u00a0\u00bb global_colors_info=\u00a0\u00bb{}\u00a0\u00bb custom_padding__hover=\u00a0\u00bb|||\u00a0\u00bb][et_pb_wc_images _builder_version=\u00a0\u00bb4.14.8&Prime; max_height=\u00a0\u00bb50vh\u00a0\u00bb global_colors_info=\u00a0\u00bb{}\u00a0\u00bb][\/et_pb_wc_images][\/et_pb_column][et_pb_column type=\u00a0\u00bb1_2&Prime; _builder_version=\u00a0\u00bb3.25&Prime; custom_padding=\u00a0\u00bb|||\u00a0\u00bb global_colors_info=\u00a0\u00bb{}\u00a0\u00bb custom_padding__hover=\u00a0\u00bb|||\u00a0\u00bb][et_pb_wc_title _builder_version=\u00a0\u00bb4.14.8&Prime; header_font=\u00a0\u00bb|600||on|||||\u00a0\u00bb header_text_color=\u00a0\u00bb#E02B20&Prime; global_colors_info=\u00a0\u00bb{}\u00a0\u00bb][\/et_pb_wc_title][et_pb_divider _builder_version=\u00a0\u00bb4.14.8&Prime; _module_preset=\u00a0\u00bbdefault\u00a0\u00bb custom_margin=\u00a0\u00bb0px||0px||false|false\u00a0\u00bb global_colors_info=\u00a0\u00bb{}\u00a0\u00bb][\/et_pb_divider][et_pb_wc_price _builder_version=\u00a0\u00bb3.0.47&Prime; global_colors_info=\u00a0\u00bb{}\u00a0\u00bb][\/et_pb_wc_price][et_pb_wc_description _builder_version=\u00a0\u00bb3.0.47&Prime; global_colors_info=\u00a0\u00bb{}\u00a0\u00bb][\/et_pb_wc_description][et_pb_wc_add_to_cart _builder_version=\u00a0\u00bb4.14.8&Prime; custom_button=\u00a0\u00bbon\u00a0\u00bb button_border_color=\u00a0\u00bb#E02B20&Prime; global_colors_info=\u00a0\u00bb{}\u00a0\u00bb][\/et_pb_wc_add_to_cart][\/et_pb_column][\/et_pb_row][et_pb_row _builder_version=\u00a0\u00bb4.14.8&Prime; background_size=\u00a0\u00bbinitial\u00a0\u00bb background_position=\u00a0\u00bbtop_left\u00a0\u00bb background_repeat=\u00a0\u00bbrepeat\u00a0\u00bb width=\u00a0\u00bb100%\u00a0\u00bb global_colors_info=\u00a0\u00bb{}\u00a0\u00bb][et_pb_column type=\u00a0\u00bb4_4&Prime; _builder_version=\u00a0\u00bb3.25&Prime; custom_padding=\u00a0\u00bb|||\u00a0\u00bb global_colors_info=\u00a0\u00bb{}\u00a0\u00bb custom_padding__hover=\u00a0\u00bb|||\u00a0\u00bb][et_pb_wc_tabs include_tabs=\u00a0\u00bbdescription|\u00a0\u00bb _builder_version=\u00a0\u00bb4.14.8&Prime; global_colors_info=\u00a0\u00bb{}\u00a0\u00bb] [\/et_pb_wc_tabs][et_pb_wc_upsells _builder_version=\u00a0\u00bb3.0.47&Prime; global_colors_info=\u00a0\u00bb{}\u00a0\u00bb][\/et_pb_wc_upsells][et_pb_wc_related_products _builder_version=\u00a0\u00bb3.0.47&Prime; global_colors_info=\u00a0\u00bb{}\u00a0\u00bb][\/et_pb_wc_related_products][\/et_pb_column][\/et_pb_row][\/et_pb_section]<\/p>\n","protected":false},"excerpt":{"rendered":"<p>(Pr\u00e9voir 5\u20ac par livre pour les frais d&rsquo;envoi postal, lorsque vous finaliserez votre achat).<\/p>\n<p>Si vous souhaitez faire d\u00e9dicacer le livre, merci de m&rsquo;envoyer, une fois la commande valid\u00e9e, un email \u00e0 cette adresse : <a href=\"mailto:jeancricharnay@gmail.com\">jeancricharnay@gmail.com<\/a>.<\/p>\n<p>\u00ab <strong>Les temps mercurochrome<\/strong>\u00bb, c\u2019est l\u2019histoire du long fleuve tranquille d\u2019une enfance heureuse, avec une famille aimante, un monde en ordre et personne de m\u00e9chant, o\u00f9 toute une g\u00e9n\u00e9ration se reconna\u00eetra.<\/p>\n","protected":false},"featured_media":86,"comment_status":"open","ping_status":"closed","template":"","meta":{"_et_pb_use_builder":"on","_et_pb_old_content":"Auteur de chansons et de textes pour la sc\u00e8ne, <strong>Jean-Christophe Charnay<\/strong> est un homme de spectacle.\r\nAinsi, lorsqu'il raconte une histoire, une force invisible, le plaisir de la narration, du partage, ou juste le bonheur de voir son auditoire suspendu \u00e0 ses l\u00e8vres, \u00eatre \u00e9mu ou \u00e9clater de rire le pousse immanquablement \u00e0 en rajouter.\r\nSa m\u00e8re, ma\u00eetresse d'\u00e9cole le lui a toujours demand\u00e9 :\r\n\"<em>Mais o\u00f9 vas-tu chercher tout \u00e7a ?<\/em>\"\r\nSon p\u00e8re, instituteur, le lui a toujours dit :\"<em>Toi, quand tu racontes, tu pagnolises !<\/em>\"\r\nLa tentation est devenue trop forte, l'app\u00e9tit d'\u00e9crire trop pr\u00e9sent, le d\u00e9sir de raconter trop d\u00e9vorant.\r\nLes pages blanches se sont noircies de mots, de phrases, d'histoires, de r\u00e9miniscences, chacunes en emmenant d'autres les extirpant du fin fond de la m\u00e9moire.\r\n\r\nCe premier roman est une autobiographie imagin\u00e9e.\r\nLe r\u00e9cit d'une r\u00e9alit\u00e9 fictionnelle, \u00e9crit entre souvenirs \u2500 parfois d\u00e9form\u00e9s \u2500 et imaginaire.\r\nUne sorte de r\u00e9alit\u00e9 augment\u00e9e litt\u00e9raire.\r\nLes lieux, les personnages sont ou ont \u00e9t\u00e9 bien r\u00e9els. Ce sont leurs actes, leurs caract\u00e8res, leurs comportements, bref, tout ce qui fait exister les histoires racont\u00e9es dans ce livre qui navigue entre v\u00e9rit\u00e9, invention et m\u00e9moires r\u00eav\u00e9es.","_et_gb_content_width":""},"product_brand":[],"product_cat":[19],"product_tag":[],"class_list":{"0":"post-148","1":"product","2":"type-product","3":"status-publish","4":"has-post-thumbnail","6":"product_cat-livres","8":"first","9":"instock","10":"shipping-taxable","11":"purchasable","12":"product-type-simple"},"jetpack_sharing_enabled":true,"_links":{"self":[{"href":"https:\/\/www.manumartin.com\/jeanchristophecharnay\/wp-json\/wp\/v2\/product\/148","targetHints":{"allow":["GET"]}}],"collection":[{"href":"https:\/\/www.manumartin.com\/jeanchristophecharnay\/wp-json\/wp\/v2\/product"}],"about":[{"href":"https:\/\/www.manumartin.com\/jeanchristophecharnay\/wp-json\/wp\/v2\/types\/product"}],"replies":[{"embeddable":true,"href":"https:\/\/www.manumartin.com\/jeanchristophecharnay\/wp-json\/wp\/v2\/comments?post=148"}],"wp:featuredmedia":[{"embeddable":true,"href":"https:\/\/www.manumartin.com\/jeanchristophecharnay\/wp-json\/wp\/v2\/media\/86"}],"wp:attachment":[{"href":"https:\/\/www.manumartin.com\/jeanchristophecharnay\/wp-json\/wp\/v2\/media?parent=148"}],"wp:term":[{"taxonomy":"product_brand","embeddable":true,"href":"https:\/\/www.manumartin.com\/jeanchristophecharnay\/wp-json\/wp\/v2\/product_brand?post=148"},{"taxonomy":"product_cat","embeddable":true,"href":"https:\/\/www.manumartin.com\/jeanchristophecharnay\/wp-json\/wp\/v2\/product_cat?post=148"},{"taxonomy":"product_tag","embeddable":true,"href":"https:\/\/www.manumartin.com\/jeanchristophecharnay\/wp-json\/wp\/v2\/product_tag?post=148"}],"curies":[{"name":"wp","href":"https:\/\/api.w.org\/{rel}","templated":true}]}}